of ((-23)/(-2))/(5/p)?
2
Let b = 1 - 2. Let v = b + 4. Suppose -v*q + 1 = -2. What is the units digit of q?
1
Suppose 14*y - 908 = 10*y. Suppose -y + 59 = -4*b. What is the tens digit of b?
4
Suppose -29*j + 25*j = -124. What is the tens digit of j?
3
Let y(s) = s**3 - 11*s**2 + 4*s + 4. Let r be y(10). Let q = 105 + r. What is the units digit of q?
9
Suppose 33 = 2*d + n, 0 = 5*d - 3*n + 31 - 97. Let s be (-30)/9*36/d. Let w(i) = i**2 + 7*i - 4. What is the units digit of w(s)?
4
Let g(w) be the first derivative of -w**2 - w + 1. What is the units digit of g(-2)?
3
Let v(i) = i**2 - 7*i + 1. Let u be v(7). Suppose -m + u + 0 = 0. What is the units digit of m?
1
Suppose w - 63 + 16 = -i, -2*w - 5*i = -82. What is the units digit of w?
1
Suppose 4*q - 125 = 55. Suppose 3 = -3*y - q. What is the units digit of 21/14*y/(-6)?
4
Let m(s) = s**3 + 3*s**2 - 2*s + 4. Let i be m(-3). Let p be 2/(-9) + i/45. Suppose -4*y - 3*w = -25, p = -2*w + 3 - 13. What is the units digit of y?
0
Suppose -4*c - 24 = -2*q, -3*q - c + 4*c = -33. Suppose q + 11 = w. What is the units digit of w?
1
Let r = -8 + 12. Suppose -3*v + 150 = r*a, 4*v + 40 = -3*a + 156. Suppose 2*p + p = a. What is the units digit of p?
2
Let o(i) = 5*i**2 + 3*i - 19. What is the units digit of o(-5)?
1
Let d(o) = -o**3 + 3*o**2 - 2. Let t be d(3). What is the tens digit of (0 + 2)*(-11)/t?
1
Suppose 0 = -4*s - 2*l + 26, 0 = 4*s + 3*l - 38 + 7. Suppose -s*p + 12 = 3*r, -5*r + 55 = -0*p - 5*p. What is the units digit of r?
8
Let g be 90/21 + 4/(-14). Suppose 0 = -g*v - 0*v + 68. What is the tens digit of v?
1
Let b(f) = 6*f - 6. What is the tens digit of b(31)?
8
Suppose -5*j + 593 + 862 = -l, 2*j - 4*l = 600. What is the units digit of j?
0
Let s(j) = -42*j. Let n be s(3). Let x be 1/(n/(-62) - 2). Suppose -4*y - 3 = -x. What is the units digit of y?
7
Let z(b) = 24*b**2 - b - 3. Let c be z(3). Suppose 2*y - 8*y = -c. What is the tens digit of y?
3
Let a be (-1)/((-2)/((-30)/(-1))). Let r = a - 10. What is the units digit of r?
5
Let x = -37 + 140. What is the tens digit of x?
0
Let n(a) = a**2 + 13*a - 14. Let u(q) = -q**2 - 12*q + 14. Let f(w) = 5*n(w) + 6*u(w). What is the units digit of f(-8)?
6
Suppose 4*u + 635 = 5*h, 3*h + 2*u - 364 = u. What is the tens digit of h?
2
Let p(i) = -i**3 - i**2 - i + 27. What is the tens digit of p(0)?
2
Suppose 2*m = 5*q - 10*q + 39, 5*q + 33 = 4*m. Suppose -5*u + m = 2. What is the units digit of u?
2
Suppose -2*h = l + l + 16, 3*h = 4*l + 11. Let x(d) be the second derivative of -d**3/3 + d**2 - 8*d. What is the units digit of x(l)?
2
Suppose -40 = -5*b + 5. Let v be b/2*8/12. Suppose -9 = 3*c, 8*t - 36 = v*t + 2*c. What is the units digit of t?
6
Let i be 2/(-4) + 1212/(-24). What is the units digit of (-1)/(3*1/i)?
7
Let c(j) = -j + 5. Let v be c(6). Let h = 7 + v. Suppose 0 = -4*o, h*o = -3*d + 3*o + 30. What is the units digit of d?
0
Let m be 2/3 + (-2)/3. Suppose m = s + 4*s - 115. Suppose s = h + 7. What is the units digit of h?
6
Let m(h) = 6*h**3 + 2*h**2 - h - 1. Let q be m(2). Suppose p + 0*p - 25 = -l, 2*p + 5*l = q. What is the units digit of p?
4
Let q(l) = l**2 - 1. Let z be q(-1). Suppose z = 4*f + 6 - 2. What is the units digit of -1 + (-11 - -1)/f?
9
Let u(t) = -t**2 + 342. What is the hundreds digit of u(0)?
3
Let p = -29 - -54. Suppose -4*k = k + p. What is the units digit of (k - -6)/((-1)/(-7))?
7
Suppose -d = d - 6. Let v = -4 + 8. Suppose 2*o = -0*o - 5*t + 6, -d*o + 16 = v*t. What is the units digit of o?
8
Let w be (-106)/(-8) - (-5)/(-20). Suppose r + 3*a = 0, -r - 3 - w = -5*a. What is the units digit of ((-3)/r)/((-2)/(-12))?
3
Let s(r) = -2*r - 7. Let w be s(0). Let l = w - -20. What is the units digit of l?
3
Let h(c) = -c + 7*c**2 - 6 - 6*c - c**3 + 2*c. Let v be h(6). Let i = 3 - v. What is the units digit of i?
3
Suppose l - 10 = -5*u, 0 = -5*l - 3*u + 11 - 5. Let h be (l - -13) + 1 + 0. Suppose 0 = -3*v - 3*c, 0 = -5*v - 3*c - 4 + h. What is the units digit of v?
5
Let c be (36/15)/(4/(-640)). What is the tens digit of (-2)/7 + c/(-21)?
1
Suppose 0 = 117*c - 115*c - 86. What is the units digit of c?
3
Suppose -11 = -4*x + 2*i + 1, 3*i + 14 = 4*x. Suppose -x*y - y = -21. What is the units digit of y?
7
Let u(j) = -2*j**3 + 35*j**2 - 10*j + 12. What is the hundreds digit of u(17)?
1
Let k(q) be the first derivative of -3*q**2/2 - 3*q - 1. Let t = 27 - 31. What is the units digit of k(t)?
9
Let v be (-1)/(-3) + (-438)/(-9). Let y = v - 24. What is the units digit of y?
5
Suppose 3*a - a - 6 = 0. Suppose -i = -2, -a*x + 2*i - 6*i = -71. What is the tens digit of x?
2
Let a = -2 + 0. Let q be (-2 - -5)/6*0. Let u = q - a. What is the units digit of u?
2
Let k = 14 - -5. What is the tens digit of k?
1
Suppose -4*a + 36 = -0*a. Let t(z) = -4*z + 58. Let q be t(13). Let i = q + a. What is the units digit of i?
5
Suppose 0 = -2*t - i + 83, 0 = 4*t - 5*t - 4*i + 38. What is the tens digit of t?
4
Suppose 5*p = -3*j + 67, -j + p = 3*j - 51. What is the tens digit of j?
1
What is the units digit of 9/(36/(-296))*-1?
4
Suppose 0*u = -u - 27. Let x = u - -48. What is the tens digit of x?
2
What is the units digit of (1 + 0)/(10/120)?
2
What is the tens digit of 67 + 3 + 1 - -3?
7
Let s(z) = 13*z + 1. Let d be s(1). Let o = 8 - d. Let x(k) = -k**3 - 6*k**2 + 8. What is the units digit of x(o)?
8
Let y(g) = 16*g + 3*g**2 - 2*g**2 + 5*g + 2 - 14*g. What is the units digit of y(-7)?
2
Suppose -x - 4*k = 2 + 26, -k - 52 = 4*x. Let u = 4 - x. What is the units digit of u?
6
Let v(i) = 2*i + 8. Let k be v(-4). What is the tens digit of (-1 - k/4) + 36?
3
What is the units digit of (-4)/((-8)/74) + 1*-3?
4
Let n = -4 + 0. What is the units digit of (2 - n/(-4))/1?
1
Let k(r) = 8*r. Let d be k(2). Suppose 0 = v + 3*a + 16, -a - 12 = 2*v - 5*a. Let c = d + v. What is the units digit of c?
6
Suppose 0 = -4*t + t - 9. What is the tens digit of 33*(-4)/9*t?
4
Let g be 193/(-8) - (-1)/8. What is the tens digit of (-313)/(-6) + 4/g?
5
Suppose 0 = -5*m - x - 19, 10 = 4*m - 2*m - 4*x. Let p = 6 + m. What is the units digit of p?
3
Let i(k) be the third derivative of 1/6*k**3 + 1/3*k**4 + 4*k**2 + 0*k + 0. What is the units digit of i(1)?
9
Suppose 36 = r - 10. What is the units digit of r?
6
Suppose -48*f - 61 = -49*f. What is the tens digit of f?
6
Let h(j) = 6*j + 7. Let i be h(-3). Let b = 33 - i. What is the tens digit of b?
4
Let p = 2 - -2. Let z(k) = 2*k**2 - 6*k. What is the units digit of z(p)?
8
Let j be (-2)/5 - (-68)/20. Suppose j*q + 0*q = 15. Suppose 5*u = q*o - 0*u - 30, 5*o - 4*u - 30 = 0. What is the units digit of o?
6
Let z(v) = v**2 - 12*v - 9. Let b be z(13). What is the units digit of ((-6)/b - 2)*-8?
8
Suppose -2*v = -5*v + 24. Let l(y) = y - 5. Let p be l(v). Suppose p*j + 2 = j, t = -2*j. What is the units digit of t?
2
Suppose -v - 3*v = -28. What is the units digit of v?
7
Let m(y) = y**2 + 3*y - 3. Let c be m(-3). Let d be 4/(-6) + (-11)/c. Suppose 0 = d*r + 3*o - 30, -4*r + 42 = -0*r + 5*o. What is the units digit of r?
8
Let m(c) = -2*c + 3. Let b be m(6). Let h be ((-6)/2)/(b/12). Suppose -x + 25 = h*x. What is the units digit of x?
5
Let b(q) = q**2 - 3*q - 2. Let p(k) = -k**3 - 8*k**2 + 9*k + 4. Let s be p(-9). Let n be b(s). Let d(j) = 2*j**3 - j. What is the tens digit of d(n)?
1
Suppose -5*v + 169 + 131 = 0. Suppose 4*r = v + 36. What is the tens digit of r?
2
Let c(d) = 2*d - 6. Let k be c(4). Suppose 6 = -k*a + 2. Let q = a - -11. What is the units digit of q?
9
Suppose 262 = 4*z - 2*l, 0 = -l + 4 + 1. What is the tens digit of z?
6
Let q = 10 - 4. What is the tens digit of -3*8/q*-10?
4
Suppose 4*u - 2*u - 4 = 0. Suppose 4*k - 16 = -j, u - 14 = -2*j + 2*k. Suppose -3*o = 4*m - 20, -2*o + 5*m = -3*o - j. What is the tens digit of o?
1
Suppose 0 = -5*r - 3*f - 2, 10 = -5*r - 5*f. Suppose -j - j = -r. Suppose 8 = 4*l + 4*t, -3*l + 5*t + 15 = j. What is the units digit of l?
3
What is the units digit of 34 + (-3 - (1 + -1))?
1
Let o(r) = 1 - 10*r**2 + 0*r**3 + r**3 - 1 + 1. What is the units digit of o(10)?
1
Suppose -v - 2*v - 745 = -5*c, 5*c = -4*v + 710. What is the hundreds digit of c?
1
Suppose 9 = -4*i + 25. Suppose f = -i*w - 1 - 2, 3*w = -3*f + 9. What is the units digit of f?
5
Suppose w - 3 - 9 = 0. 